{"id":1206,"date":"2025-09-21T13:48:08","date_gmt":"2025-09-21T13:48:08","guid":{"rendered":"https:\/\/www.sindarick.fr\/wordpress\/?page_id=1206"},"modified":"2025-09-21T15:22:40","modified_gmt":"2025-09-21T15:22:40","slug":"laeta-pamyr","status":"publish","type":"page","link":"https:\/\/www.sindarick.fr\/wordpress\/?page_id=1206","title":{"rendered":"Laeta Pamyr"},"content":{"rendered":"\n<p>Ce roman, \u00e9crit par Sherazaleen Djinn (autrice parisienne de romance et de romantasy \u00e9dit\u00e9e dans plusieurs maisons d&#8217;\u00e9ditions) , est un spin-off se situant avant la premi\u00e8re aventure du cycle de Laeta. Il est uniquement destin\u00e9 \u00e0 un public adulte, ne fait pas partie du cycle \u00e9crit par St\u00e9phane Tarrade, et est pr\u00e9sent\u00e9 ici uniquement dans le cadre d&#8217;un partenariat avec Sherazaleen Djinn. Les liens m\u00e8nent vers ses propres pages Amazon.<\/p>\n\n\n\n<div class=\"wp-block-buttons is-horizontal is-content-justification-center is-layout-flex wp-container-core-buttons-is-layout-499968f5 wp-block-buttons-is-layout-flex\">\n<div class=\"wp-block-button has-custom-width wp-block-button__width-25 is-style-outline is-style-outline--1\"><a class=\"wp-block-button__link has-custom-font-size wp-element-button\" href=\"https:\/\/www.amazon.fr\/Pamyr-Sh%C3%A9razaleen-Djinn\/dp\/B0F2FH4VZX\/ref=sr_1_1?__mk_fr_FR=%C3%85M%C3%85%C5%BD%C3%95%C3%91&amp;crid=2B0EC3BIQ8LOH&amp;dib=eyJ2IjoiMSJ9.r-Rg7ga_CsnzZBLW_3RY6Q.-n9-wedww3OXzCTu7Yg2nEPZMvFCgzachusQrrbARJY&amp;dib_tag=se&amp;keywords=Laeta+Pamyr&amp;qid=1758461733&amp;sprefix=laeta+pamyr%2Caps%2C80&amp;sr=8-1&amp;ufe=app_do%3Aamzn1.fos.bb6ea7e0-0ef7-4fc8-9adc-4bf1477881dd\" style=\"font-size:12px\">Broch\u00e9<\/a><\/div>\n\n\n\n<div class=\"wp-block-button has-custom-width wp-block-button__width-25 is-style-outline is-style-outline--2\"><a class=\"wp-block-button__link has-custom-font-size wp-element-button\" href=\"https:\/\/www.amazon.fr\/Pamyr-Laeta-Sh%C3%A9razaleen-Djinn-ebook\/dp\/B0F3F41H12\/ref=tmm_kin_swatch_0?_encoding=UTF8&amp;dib_tag=se&amp;dib=eyJ2IjoiMSJ9.r-Rg7ga_CsnzZBLW_3RY6Q.-n9-wedww3OXzCTu7Yg2nEPZMvFCgzachusQrrbARJY&amp;qid=1758461733&amp;sr=8-1\" style=\"font-size:12px\">Kindle <\/a><\/div>\n<\/div>\n\n\n\n<p>Le livre papier (broch\u00e9) est \u00e0 20 euros et les versions num\u00e9riques \u00e0 4,99 euros.<\/p>\n\n\n<div class=\"wp-block-image\">\n<figure class=\"aligncenter size-large\"><a href=\"https:\/\/www.sindarick.fr\/wordpress\/wp-content\/uploads\/2025\/09\/Pamyr-ebook.jpg\"><img loading=\"lazy\" decoding=\"async\" width=\"720\" height=\"1024\" src=\"https:\/\/www.sindarick.fr\/wordpress\/wp-content\/uploads\/2025\/09\/Pamyr-ebook-720x1024.jpg\" alt=\"\" class=\"wp-image-1207\" srcset=\"https:\/\/www.sindarick.fr\/wordpress\/wp-content\/uploads\/2025\/09\/Pamyr-ebook-720x1024.jpg 720w, https:\/\/www.sindarick.fr\/wordpress\/wp-content\/uploads\/2025\/09\/Pamyr-ebook-211x300.jpg 211w, https:\/\/www.sindarick.fr\/wordpress\/wp-content\/uploads\/2025\/09\/Pamyr-ebook-768x1092.jpg 768w, https:\/\/www.sindarick.fr\/wordpress\/wp-content\/uploads\/2025\/09\/Pamyr-ebook-1080x1536.jpg 1080w, https:\/\/www.sindarick.fr\/wordpress\/wp-content\/uploads\/2025\/09\/Pamyr-ebook-1440x2048.jpg 1440w, https:\/\/www.sindarick.fr\/wordpress\/wp-content\/uploads\/2025\/09\/Pamyr-ebook-350x498.jpg 350w, https:\/\/www.sindarick.fr\/wordpress\/wp-content\/uploads\/2025\/09\/Pamyr-ebook.jpg 1800w\" sizes=\"auto, (max-width: 720px) 100vw, 720px\" \/><\/a><\/figure>\n<\/div>\n\n\n<p class=\"has-text-align-center has-large-font-size\">Lorsqu&#8217;une esclave devient une h\u00e9ro\u00efne\u2026<\/p>\n\n\n\n<p class=\"has-medium-font-size\"><strong><mark style=\"background-color:rgba(0, 0, 0, 0);color:#c8a301\" class=\"has-inline-color\">La naissance d&#8217;une h\u00e9ro\u00efne<\/mark><\/strong><\/p>\n\n\n\n<p class=\"has-medium-font-size\">Pamyr est une magnifique cit\u00e9 b\u00e2tie sur la rive orientale de la mer Violette, elle est baign\u00e9e de soleil, caress\u00e9e par les brises maritimes, mais aussi balay\u00e9e par les vents du d\u00e9sert.<\/p>\n\n\n\n<p class=\"has-medium-font-size\">C\u2019est dans ses ruelles que Laeta, une jeune courtisane, s\u2019adonne \u00e0 bien des filouteries, prenant avec l\u00e9g\u00e8ret\u00e9 les r\u00e8gles \u00e9dict\u00e9es par Djamyl-octa-le-cl\u00e9ment, le tout puissant \u00e9mir et ma\u00eetre de la ville. Quand elle se retrouve prisonni\u00e8re dans les ar\u00e8nes de la cit\u00e9, destin\u00e9e \u00e0 \u00eatre vendue comme esclave, il est trop tard pour regretter ses actes.<\/p>\n\n\n\n<p class=\"has-medium-font-size\">Quelle folie l\u2019a men\u00e9e l\u00e0? Que lui r\u00e9servent les hommes du d\u00e9sert qui s\u2019emparent d\u2019elle?<\/p>\n\n\n\n<p class=\"has-medium-font-size\">Son myst\u00e9rieux acqu\u00e9reur, et d\u00e9sormais ma\u00eetre, arbore un effrayant \u0153il de serpent. Mais le secret que cache son oasis est bien plus terrifiant encore!<\/p>\n\n\n\n<p class=\"has-medium-font-size\">Laeta nous livre un r\u00e9cit, empreint d\u2019un \u00e9rotisme \u00e9pic\u00e9, dans lequel elle se r\u00e9v\u00e8le une jeune femme bien diff\u00e9rente de ce qu\u2019elle semble \u00eatre de prime abord. Le scorpion, lourd de sens, qu\u2019on lui tatoue \u00e0 la medress, n\u2019en est-il pas la preuve? Ses d\u00e9sirs de soumission ne sont qu\u2019une facette de son caract\u00e8re qu\u2019elle sait habilement transformer en arme.<\/p>\n\n\n\n<p class=\"has-medium-font-size\"> Avant de la propulser dans l\u2019aventure qui la marquera \u00e0 vie, Ma\u00eetresse Adima ne s\u2019y trompe pas; elle lui d\u00e9clare : \u00abSi j\u2019avais une t\u00e2che particuli\u00e8rement difficile \u00e0 confier \u00e0 une de mes \u00e9l\u00e8ves, une t\u00e2che impossible, pour laquelle m\u00eame les meilleures de mes meilleures iraient \u00e0 l\u2019\u00e9chec, c\u2019est toi que je choisirais sans aucune h\u00e9sitation.\u00bb<\/p>\n\n\n\n<figure class=\"wp-block-image size-large\"><a href=\"https:\/\/www.sindarick.fr\/wordpress\/wp-content\/uploads\/2025\/09\/Pamyr-mockup04.png\"><img loading=\"lazy\" decoding=\"async\" width=\"1024\" height=\"682\" src=\"https:\/\/www.sindarick.fr\/wordpress\/wp-content\/uploads\/2025\/09\/Pamyr-mockup04-1024x682.png\" alt=\"\" class=\"wp-image-1208\" srcset=\"https:\/\/www.sindarick.fr\/wordpress\/wp-content\/uploads\/2025\/09\/Pamyr-mockup04-1024x682.png 1024w, https:\/\/www.sindarick.fr\/wordpress\/wp-content\/uploads\/2025\/09\/Pamyr-mockup04-300x200.png 300w, https:\/\/www.sindarick.fr\/wordpress\/wp-content\/uploads\/2025\/09\/Pamyr-mockup04-768x512.png 768w, https:\/\/www.sindarick.fr\/wordpress\/wp-content\/uploads\/2025\/09\/Pamyr-mockup04-1536x1024.png 1536w, https:\/\/www.sindarick.fr\/wordpress\/wp-content\/uploads\/2025\/09\/Pamyr-mockup04-350x233.png 350w, https:\/\/www.sindarick.fr\/wordpress\/wp-content\/uploads\/2025\/09\/Pamyr-mockup04.png 2000w\" sizes=\"auto, (max-width: 767px) 89vw, (max-width: 1000px) 54vw, (max-width: 1071px) 543px, 580px\" \/><\/a><\/figure>\n\n\n\n<div class=\"wp-block-buttons is-horizontal is-content-justification-center is-layout-flex wp-container-core-buttons-is-layout-499968f5 wp-block-buttons-is-layout-flex\">\n<div class=\"wp-block-button has-custom-width wp-block-button__width-25 is-style-outline is-style-outline--3\"><a class=\"wp-block-button__link has-custom-font-size wp-element-button\" href=\"https:\/\/www.amazon.fr\/Pamyr-Sh%C3%A9razaleen-Djinn\/dp\/B0F2FH4VZX\/ref=sr_1_1?__mk_fr_FR=%C3%85M%C3%85%C5%BD%C3%95%C3%91&amp;crid=2B0EC3BIQ8LOH&amp;dib=eyJ2IjoiMSJ9.r-Rg7ga_CsnzZBLW_3RY6Q.-n9-wedww3OXzCTu7Yg2nEPZMvFCgzachusQrrbARJY&amp;dib_tag=se&amp;keywords=Laeta+Pamyr&amp;qid=1758461733&amp;sprefix=laeta+pamyr%2Caps%2C80&amp;sr=8-1&amp;ufe=app_do%3Aamzn1.fos.bb6ea7e0-0ef7-4fc8-9adc-4bf1477881dd\" style=\"font-size:12px\">Broch\u00e9<\/a><\/div>\n\n\n\n<div class=\"wp-block-button has-custom-width wp-block-button__width-25 is-style-outline is-style-outline--4\"><a class=\"wp-block-button__link has-custom-font-size wp-element-button\" href=\"https:\/\/www.amazon.fr\/Pamyr-Laeta-Sh%C3%A9razaleen-Djinn-ebook\/dp\/B0F3F41H12\/ref=tmm_kin_swatch_0?_encoding=UTF8&amp;dib_tag=se&amp;dib=eyJ2IjoiMSJ9.r-Rg7ga_CsnzZBLW_3RY6Q.-n9-wedww3OXzCTu7Yg2nEPZMvFCgzachusQrrbARJY&amp;qid=1758461733&amp;sr=8-1\" style=\"font-size:12px\">Kindle <\/a><\/div>\n<\/div>\n\n\n\n<p><\/p>\n","protected":false},"excerpt":{"rendered":"<p>Ce roman, \u00e9crit par Sherazaleen Djinn (autrice parisienne de romance et de romantasy \u00e9dit\u00e9e dans plusieurs maisons d&#8217;\u00e9ditions) , est un spin-off se situant avant la premi\u00e8re aventure du cycle de Laeta. Il est uniquement destin\u00e9 \u00e0 un public adulte, ne fait pas partie du cycle \u00e9crit par St\u00e9phane Tarrade, et est pr\u00e9sent\u00e9 ici uniquement &hellip; <\/p>\n<p class=\"link-more\"><a href=\"https:\/\/www.sindarick.fr\/wordpress\/?page_id=1206\" class=\"more-link\">Continuer la lecture<span class=\"screen-reader-text\"> de &laquo;&nbsp;Laeta Pamyr&nbsp;&raquo;<\/span><\/a><\/p>\n","protected":false},"author":1,"featured_media":0,"parent":0,"menu_order":0,"comment_status":"closed","ping_status":"closed","template":"","meta":{"footnotes":""},"class_list":["post-1206","page","type-page","status-publish","hentry"],"_links":{"self":[{"href":"https:\/\/www.sindarick.fr\/wordpress\/index.php?rest_route=\/wp\/v2\/pages\/1206","targetHints":{"allow":["GET"]}}],"collection":[{"href":"https:\/\/www.sindarick.fr\/wordpress\/index.php?rest_route=\/wp\/v2\/pages"}],"about":[{"href":"https:\/\/www.sindarick.fr\/wordpress\/index.php?rest_route=\/wp\/v2\/types\/page"}],"author":[{"embeddable":true,"href":"https:\/\/www.sindarick.fr\/wordpress\/index.php?rest_route=\/wp\/v2\/users\/1"}],"replies":[{"embeddable":true,"href":"https:\/\/www.sindarick.fr\/wordpress\/index.php?rest_route=%2Fwp%2Fv2%2Fcomments&post=1206"}],"version-history":[{"count":2,"href":"https:\/\/www.sindarick.fr\/wordpress\/index.php?rest_route=\/wp\/v2\/pages\/1206\/revisions"}],"predecessor-version":[{"id":1214,"href":"https:\/\/www.sindarick.fr\/wordpress\/index.php?rest_route=\/wp\/v2\/pages\/1206\/revisions\/1214"}],"wp:attachment":[{"href":"https:\/\/www.sindarick.fr\/wordpress\/index.php?rest_route=%2Fwp%2Fv2%2Fmedia&parent=1206"}],"curies":[{"name":"wp","href":"https:\/\/api.w.org\/{rel}","templated":true}]}}