{"id":447,"date":"2017-12-07T09:57:22","date_gmt":"2017-12-07T09:57:22","guid":{"rendered":"http:\/\/www.sindarick.fr\/wordpress\/?page_id=447"},"modified":"2017-12-07T09:57:53","modified_gmt":"2017-12-07T09:57:53","slug":"la-haute-numizie-osiria","status":"publish","type":"page","link":"https:\/\/www.sindarick.fr\/wordpress\/?page_id=447","title":{"rendered":"La haute Numizie &#8211; Osiria"},"content":{"rendered":"<p>La haute Numizie est \u00e9galement connue l\u2019empire d\u2019Osiria, du nom de sa capitale, se situe dans la partie nord-ouest du myst\u00e9rieux continent Numizien. Le royaume est enti\u00e8rement articul\u00e9 autour du fleuve Zambia, r\u00e9put\u00e9 pour \u00eatre le plus long du continent. On dit qu\u2019Osiria f\u00fbt jadis fond\u00e9e par les dieux venus de la mer. Tous ne peuvent pas pr\u00e9tendre descendre des premiers Osiriens, il en r\u00e9sulte une soci\u00e9t\u00e9 rigide strictement hi\u00e9rarchis\u00e9e en trois castes.<\/p>\n<p>Fiche Background haute Numizie :\u00a0<a href=\"http:\/\/www.sindarick.fr\/wordpress\/wp-content\/uploads\/2017\/12\/Background-Haute-Numizie.pdf\">Background haute Numizie<\/a><\/p>\n<p><strong>G\u00e9ographie de la haute Numizie<\/strong><\/p>\n<p style=\"text-align: center;\"><a href=\"http:\/\/www.sindarick.fr\/wordpress\/wp-content\/uploads\/2017\/02\/Royaumes-de-lune-orient.jpg\"><img loading=\"lazy\" decoding=\"async\" class=\"alignnone size-medium wp-image-376\" src=\"http:\/\/www.sindarick.fr\/wordpress\/wp-content\/uploads\/2017\/02\/Royaumes-de-lune-orient-300x209.jpg\" alt=\"Royaumes de lune orient\" width=\"300\" height=\"209\" srcset=\"https:\/\/www.sindarick.fr\/wordpress\/wp-content\/uploads\/2017\/02\/Royaumes-de-lune-orient-300x209.jpg 300w, https:\/\/www.sindarick.fr\/wordpress\/wp-content\/uploads\/2017\/02\/Royaumes-de-lune-orient-350x244.jpg 350w, https:\/\/www.sindarick.fr\/wordpress\/wp-content\/uploads\/2017\/02\/Royaumes-de-lune-orient-768x535.jpg 768w, https:\/\/www.sindarick.fr\/wordpress\/wp-content\/uploads\/2017\/02\/Royaumes-de-lune-orient-1024x713.jpg 1024w, https:\/\/www.sindarick.fr\/wordpress\/wp-content\/uploads\/2017\/02\/Royaumes-de-lune-orient-431x300.jpg 431w\" sizes=\"auto, (max-width: 300px) 100vw, 300px\" \/><\/a><\/p>\n<p>La haute Numizie est essentiellement constitu\u00e9 de la vall\u00e9e du Zambia, longue de pr\u00e8s d\u2019un millier de lieux. Les eaux tumultueuses du fleuve divin descendent des hauts plateaux de M\u00e9ro\u00e9, le royaume perdu, en une s\u00e9rie de grandes cataractes, puis elles coulent jusqu\u2019au delta pour se jeter dans l\u2019oc\u00e9an rouge. Les falaises bordants les plateaux et l\u2019oc\u00e9an marquent deux des limites de la haute Numizie. Au nord, le pays est bord\u00e9 par les monts S\u00e9da\u00ef que certains voient comme une cha\u00eene mineure des Amrayas. Leur versant sud est tr\u00e8s aride mais ils abritent de nombreuses vall\u00e9es verdoyantes dont certaines frapp\u00e9es d\u2019interdits religieux. Au sud, le pays est d\u00e9limit\u00e9 par le d\u00e9sert d\u2019Abaar sans aucune fronti\u00e8re tangible. Si les Pharaons d\u2019Osiria aiment \u00e0 penser que leur royaume s\u2019\u00e9tend jusqu\u2019au myst\u00e9rieux grand Rift, leur pourvoir effectif ne s\u2019\u00e9tend gu\u00e8re au \u2013del\u00e0 des abords imm\u00e9diats du fleuve Zambia. Il n\u2019y a, tr\u00e8s vite, plus aucun village dans ce d\u00e9sert de pierre et de sable aux concr\u00e9tions \u00e9nigmatiques qui n\u2019est peupl\u00e9 que de quelques tribus nomades humano\u00efdes belliqueuses. L\u2019Abaar est un vaste territoire hostile et abandonn\u00e9 dans lequel les pharaons se d\u00e9barrassent de leurs condamn\u00e9s. Il n\u2019est plus une route commerciale comme il le fut \u00e0 l\u2019\u00e2ge d\u2019or du royaume, plus personne ne s\u2019y risque et le grand rift est devenu quasi-l\u00e9gendaire.<\/p>\n<p style=\"text-align: center;\"><a href=\"http:\/\/www.sindarick.fr\/wordpress\/wp-content\/uploads\/2017\/12\/Haute-Numizie.png\"><img loading=\"lazy\" decoding=\"async\" class=\"alignnone size-medium wp-image-448\" src=\"http:\/\/www.sindarick.fr\/wordpress\/wp-content\/uploads\/2017\/12\/Haute-Numizie-300x179.png\" alt=\"Haute Numizie\" width=\"300\" height=\"179\" srcset=\"https:\/\/www.sindarick.fr\/wordpress\/wp-content\/uploads\/2017\/12\/Haute-Numizie-300x179.png 300w, https:\/\/www.sindarick.fr\/wordpress\/wp-content\/uploads\/2017\/12\/Haute-Numizie-350x208.png 350w, https:\/\/www.sindarick.fr\/wordpress\/wp-content\/uploads\/2017\/12\/Haute-Numizie-768x457.png 768w, https:\/\/www.sindarick.fr\/wordpress\/wp-content\/uploads\/2017\/12\/Haute-Numizie-500x298.png 500w, https:\/\/www.sindarick.fr\/wordpress\/wp-content\/uploads\/2017\/12\/Haute-Numizie.png 973w\" sizes=\"auto, (max-width: 300px) 100vw, 300px\" \/><\/a><\/p>\n<p>Du point de vue \u00e9conomique, le royaume a toujours \u00e9t\u00e9 riche, c\u2019est un v\u00e9ritable grenier \u00e0 bl\u00e9, du fait des crues du Zambia. Elles d\u00e9posent des limons fertiles sur toute la bande de terre qui le borde. Quant au delta du Zambia, c\u2019est une vaste zone, un petit pays en soi, qui alterne entre \u00e9tangs, mar\u00e9cages et palmeraies. S\u2019il garde encore un aspect sauvage et reste r\u00e9put\u00e9 pour son gibier, il a \u00e9t\u00e9 largement mis en valeur jusqu\u2019\u00e0 devenir le poumon \u00e9conomique du royaume. Les plaines semi-d\u00e9sertiques s\u2019\u00e9tendant sur la rive nord du Zambia, concentrent l\u2019essentiel de la population rurale, ce sont surtout des terres d\u2019\u00e9levage, mais elles sont \u00e9galement le si\u00e8ge de maigres champs de millet ou d\u2019orge. Le pays du sud, beaucoup plus d\u00e9sertique est quant \u00e0 lui peu habit\u00e9. Mais la haute Numizie, ce sont \u00e9galement des cit\u00e9s importantes, bien souvent religieuses, qui s\u2019\u00e9grainent le long du fleuve sacr\u00e9. Les trois quart d\u2019entre elles sont fluviales, depuis Fens\u00e9ris, le port d\u2019Osiria jusqu\u2019\u00e0 Philae, la cit\u00e9 insulaire au pied de la grande cataracte. Les falaises de m\u00e9ro\u00e9 abritent des vall\u00e9es interdites dans lesquelles les tombes des anciens pharaons sont cach\u00e9es. Il en est de m\u00eame de certains vaux des monts du S\u00e9da\u00ef. Le clerg\u00e9 Osirien garde jalousement leurs secrets.<\/p>\n<p><strong>Un peu d\u2019histoire<\/strong><\/p>\n<p>Comment ne pas commencer par l\u2019origine mythologique du royaume\u00a0? Elle conditionne toute sa soci\u00e9t\u00e9. Ce sont deux dieux qui ont fond\u00e9 le royaume, la d\u00e9esse Iss et son mari, Iriss. Tous deux venaient de l\u2019oc\u00e9an rouge dans lequel l\u2019antique royaume des dieux, Atla\u00eb, avait sombr\u00e9 sous les flots. La l\u00e9gende raconte m\u00eame qu\u2019au cours de la guerre des dieux, dont on ne sait pratiquement rien, Iriss f\u00fbt tu\u00e9 et d\u00e9coup\u00e9 en morceaux mais son \u00e9pouse Iss rassembla toutes les parties de son corps et lui rendit la vie. Les deux dieux, accompagn\u00e9s de leur peuple, fond\u00e8rent Osiria et leurs fils et filles en devinrent les pharaons. Aujourd\u2019hui encore, les souverains se r\u00e9clament d\u2019une ascendance divine directe. Il en r\u00e9sulte un syst\u00e8me de classe rigide\u00a0: les descendants des dieux, qui forment la caste des Atlaens, sont des aristocrates qui r\u00e8gnent sur le pays entier.<\/p>\n<p>Au cours des deux premi\u00e8res dynasties de pharaons, \u00e0 l\u2019\u00e9poque de l\u2019empire Parse, la haute Numizie s\u2019est largement \u00e9tendue, soumettant les peuples sauvages de Numizie, \u00e9tablissant des royaumes vassaux, comme celui de M\u00e9ro\u00e9 et conqu\u00e9rant des terres jusqu\u2019aux sables Miraj.\u00a0 Les dynasties suivantes marqu\u00e8rent une certaine d\u00e9cadence qui vit un recul progressif des fronti\u00e8res. L\u2019empire en tant \u00e9tait d\u00e9j\u00e0 moribond et scl\u00e9ros\u00e9 lors des conqu\u00eates de l\u2019illumination. Si Osiria elle-m\u00eame ne fut pas conquise par les Califes, c\u2019est qu\u2019\u00e0 la suite de l\u2019unique bataille de Tephren, qui fut une catastrophe pour les hauts-Numiziens, le pharaon Neker III pr\u00e9f\u00e9ra se soumettre. La haute Numizie paye toujours, th\u00e9oriquement, un tribut au Calife de Shamyria. Quant \u00e0 la conversion du pays \u00e0 l\u2019illumination, elle ne se fit jamais. La r\u00e9tractation de l\u2019empire se fit \u00e0 tous les niveaux, l\u2019emprise sur les royaumes Numiziens qui n\u2019existait d\u00e9j\u00e0 plus v\u00e9ritablement \u00e0 l\u2019\u00e9poque de l\u2019illumination se perdit d\u00e9finitivement. Le royaume de M\u00e9ro\u00e9 fut d\u00e9truit puis abandonn\u00e9, tout comme les routes \u00e0 travers le d\u00e9sert d\u2019Abaar.<\/p>\n<p><strong>Les Osiriens<\/strong><\/p>\n<p>La soci\u00e9t\u00e9 Osirienne est fond\u00e9e sur trois castes dont il est th\u00e9oriquement impossible de sortir. Elles sont dues \u00e0 la naissance.<\/p>\n<p><strong>Les Atlaens<\/strong>, forment l\u2019aristocratie de la haute Numizie. Ils sont suppos\u00e9s \u00eatre des descendants de sang pur du peuple de fid\u00e8les qui accompagn\u00e8rent Iss et Iriss lors de la fondation d\u2019Osiria. Quant au pharaon et \u00e0 la pharaonne, ils sont des descendants indirects d\u2019Iss et Iriss. Seule la premi\u00e8re dynastie de pharaons a pu s\u2019enorgueillir de n\u2019\u00eatre compos\u00e9e que de descendants directs. Les Atlaens se marient entre eux, et il n\u2019est pas rare que des pharaons \u00e9pousent leurs s\u0153urs\u2026 Cette aristocratie occupe tous les postes de pouvoirs et poss\u00e8de toute la haute Numizie, de la moindre parcelle de d\u00e9sert \u00e0 la moindre cabane. Ils sont les seuls \u00e0 pouvoir poss\u00e9der la terre et le b\u00e2ti. Ils forment \u00e9galement tout le haut clerg\u00e9. Beaucoup d\u2019entre-deux vivent de leurs rentes sans r\u00e9ellement travailler, d\u2019autres sont tr\u00e8s impliqu\u00e9s dans la politique du royaume. Ils ont pour habitude de se v\u00eatir de mani\u00e8re luxueuse et de montrer leur richesse et leur sup\u00e9riorit\u00e9 dans une fa\u00e7on tout \u00e0 fait antique.<\/p>\n<p><strong>Les Batlans<\/strong> sont les hommes libres du royaume. Cette caste est constitu\u00e9e de b\u00e2tards des Atlaens. Tout Batlans peut se pr\u00e9valoir d\u2019une ascendance Atlaens \u00e0 un degr\u00e9 ou \u00e0 un autre. Ils occupent les fonctions d\u2019artisans, de marchands, de fonctionnaires, de contrema\u00eetres, de soldats\u2026 Ils constituent tout le tissu interm\u00e9diaire de la soci\u00e9t\u00e9, la frange vive du royaume. Ils sont bien souvent au service d\u2019Atlaens ou, en tant que fonctionnaires, au service du Pharaon. Mais beaucoup sont ind\u00e9pendants. Leurs tenues vestimentaires sont beaucoup plus simples, tout en gardant une connotation tr\u00e8s antique.<\/p>\n<p><strong>Les Tephr<\/strong> sont des esclaves. Ils appartiennent corps set \u00e2me aux Atlaens, bien que certains d\u2019entre eux aient des ma\u00eetres Batlans. Les Tephr constituent au moins la moiti\u00e9 de la population de haute Numizie, ils en sont la cheville ouvri\u00e8re sans laquelle le pays ne fonctionnerait pas. La majorit\u00e9 d\u2019entre eux sont des paysans ou des serviteurs. Ils sont peu v\u00eatus, parfois non-v\u00eatus, et doivent \u00eatre imm\u00e9diatement reconnaissables. Leur vie, bien souvent tr\u00e8s difficile, d\u00e9pend enti\u00e8rement de leurs ma\u00eetres. Certains ne les traitent gu\u00e8re mieux que des animaux, d\u2019autres vont jusqu\u2019\u00e0 leur confier des postes importants avec les avantages aff\u00e9rents. S\u2019il y a une tr\u00e8s grande disparit\u00e9 de destins dans cette caste, il ne faut pas se leurrer, leur sort est g\u00e9n\u00e9ralement peu enviable\u00a0: ils travaillent pour que d\u2019autres puissent mener une vie oisive dans le luxe. Bien que commune et tr\u00e8s int\u00e9gr\u00e9e \u00e0 la soci\u00e9t\u00e9, cette caste est marqu\u00e9e du sceau de l\u2019infamie. Ce n\u2019est pas un hasard si une des pires condamnations qui puisse \u00eatre prononc\u00e9e est l\u2019abaissement \u00e0 la condition de Tephr.<\/p>\n<p>&nbsp;<\/p>\n<p>&nbsp;<\/p>\n<p>&nbsp;<\/p>\n<p><strong>La haute Numizie aujourd\u2019hui\u2026<\/strong><\/p>\n<p>En 1460 la Numizie est dirig\u00e9e par le pharaon Temenophis IV et la pharaonne Tent\u00e9niss XXII, le pays est limit\u00e9 \u00e0 ses fronti\u00e8res g\u00e9ographiques. Il est consid\u00e9r\u00e9 comme une puissance secondaire. Enferm\u00e9 dans ses traditions s\u00e9culaires, dont son peuple est tr\u00e8s fier, toutes castes confondues, il est de ceux qui ont le moins \u00e9volu\u00e9 dans les Royaumes de Lune. M\u00eame dans la caste des Atlaens des consciences s\u2019\u00e9l\u00e8vent et aspirent \u00e0 du renouveau. Mais ils se heurtent \u00e0 un pouvoir tr\u00e8s conservateur hostile \u00e0 tout changement. La haute Numizie a peu d\u2019\u00e9changes avec ses voisins faute d\u2019en avoir\u00a0! La Numizie est un continent vaste et sauvage peupl\u00e9 de primitifs ou de descendants de royaumes perdus et les Osiriens sont d\u2019un naturel m\u00e9fiant envers les \u00e9trangers. Ils en accueillent tr\u00e8s peu sur leur sol et si avec le temps ils ont perdu tout contact avec Shamyria ils ne s\u2019en portent que mieux. Ils n\u2019ont jamais vu d\u2019un bon \u0153il le sultanat Maridjianne et son matriarcat et ils consid\u00e8rent les tribus des sables Miraj comme des pillards. Il y a tr\u00e8s peu de non-humains en haute Numizie et tous sont des Tephr.<\/p>\n<p>&nbsp;<\/p>\n<p><strong>Osiria<\/strong>\u00a0: C\u2019est une cit\u00e9 florissante, h\u00e9riti\u00e8re des splendeurs de l\u2019antiquit\u00e9. Si\u00e8ge du palais des pharaons, elle croule sous les temples, les palais et les monuments anciens. Vive et industrieuse, c\u2019est une cit\u00e9 d\u00e9di\u00e9e \u00e0 Iss et Iriss, ainsi qu\u2019aux arts majeurs. Elle est c\u00e9l\u00e8bre pour sa biblioth\u00e8que, ses scribes et ses ibis qui fl\u00e2nent sur le Zambia. La moiti\u00e9 de l\u2019aristocratie du pays y vit, c\u2019est une cit\u00e9 riche. C\u2019est \u00e9galement l\u00e0 que l\u2019on trouve la majorit\u00e9 des \u00e9trangers pr\u00e9sents en haute Numizie. Tous doivent avoir un \u00ab\u00a0parrain\u00a0\u00bb Atlaens qui se porte garant d\u2019eux et prend toutes les dispositions n\u00e9cessaires en cas de probl\u00e8me. Il n\u2019est pas rare que suite \u00e0 une maladresse, car le pays est p\u00e9tri d\u2019interdits religieux, des \u00e9trangers finissent leur vie dans la caste des Tephr\u2026<\/p>\n<p><em>\u00a0<\/em><\/p>\n<p><strong>La vall\u00e9e du Zambia<\/strong>\u00a0: Elle est tr\u00e8s longue et constitue le grenier \u00e0 bl\u00e9 du pays. Tout un tas de cit\u00e9s, toutes d\u00e9di\u00e9es \u00e0 une divinit\u00e9 (parfois les m\u00eames, il y a douze cit\u00e9s d\u00e9di\u00e9es \u00e0 Iss) ont \u00e9t\u00e9 fond\u00e9es sur les rives du Zambia. Elles sont autant de places fortes du pharaon.\u00a0 Philae, la ville insulaire, est situ\u00e9 \u00e0 l\u2019extr\u00e9mit\u00e9 du pays, c\u2019est le centre religieux le plus important de toute la haute Numizie en m\u00eame temps que la porte de M\u00e9ro\u00e9.<\/p>\n<p>&nbsp;<\/p>\n<p><strong>La vall\u00e9e des dieux\u00a0:<\/strong> C\u2019est une vall\u00e9e secr\u00e8te dont la position est jalousement gard\u00e9e par le haut clerg\u00e9 de haute Numizie. Elle est pr\u00e9tendument prot\u00e9g\u00e9e par de terribles charmes et mal\u00e9fices antiques. Non seulement elle abrite les tombes et pyramides des pharaons de la premi\u00e8re dynastie, mais surtout elle cache la pyramide interdite\u00a0: celle o\u00f9 reposent Iss et Iriss. Ils ne sont pas morts, les dieux ne peuvent pas mourir. Leurs corps reposent dans un long sommeil en attendant de revenir parmi les mortels, ce sera l\u2019av\u00e8nement d\u2019un nouvel \u00e2ge d\u2019or.<\/p>\n<p>&nbsp;<\/p>\n<p><strong>Le royaume de M\u00e9ro\u00e9\u00a0: <\/strong>Situ\u00e9 sur les hauts plateaux surplombant la vall\u00e9e du Zambia, M\u00e9ro\u00e9 a d\u2019abord \u00e9t\u00e9 une colonie Osirienne avant de devenir un royaume ind\u00e9pendant bien qu\u2019inf\u00e9od\u00e9. Le royaume s\u2019effondra en une nuit, sous le coup d\u2019un cataclysme magique inconnu. Les efforts pour reb\u00e2tir le royaume furent vains. Il sombra sous les attaques des Numiziens et d\u2019une \u00e9trange civilisation d\u2019hommes-singes bien avant les guerres de l\u2019illumination. Il ne reste sur les plateaux que quelques villages \u00e9pars des descendants de l\u2019antique royaume et beaucoup de ruines myst\u00e9rieuses\u2026<\/p>\n<p><strong>\u00a0<\/strong><\/p>\n<p><strong>La Numizie\u00a0<\/strong>: Autrefois \u00e0 moiti\u00e9 conquise par les Osiriens, elle est redevenue sauvage. Elle a toujours \u00e9t\u00e9 habit\u00e9e par de nombreuses tribus sauvages humaines et humano\u00efdes. Des royaumes et des empires y sont n\u00e9s et tomb\u00e9s dans l\u2019oubli. Ils n\u2019ont jamais beaucoup \u00e9volu\u00e9 du point de vue technologique mais ont mis en \u0153uvre des sorcelleries qui leurs \u00e9taient propres. Seul l\u2019empire de N\u00e9gur, \u00e0 l\u2019histoire charg\u00e9e, et le royaume de Kazabar, sur la mer de cristal, sont connus des savants et de certains marchands. Le reste de la Numizie est inconnu et ce qu\u2019il y a au-del\u00e0 du grand rift est un myst\u00e8re.<\/p>\n","protected":false},"excerpt":{"rendered":"<p>La haute Numizie est \u00e9galement connue l\u2019empire d\u2019Osiria, du nom de sa capitale, se situe dans la partie nord-ouest du myst\u00e9rieux continent Numizien. Le royaume est enti\u00e8rement articul\u00e9 autour du fleuve Zambia, r\u00e9put\u00e9 pour \u00eatre le plus long du continent. On dit qu\u2019Osiria f\u00fbt jadis fond\u00e9e par les dieux venus de la mer. Tous ne &hellip; <\/p>\n<p class=\"link-more\"><a href=\"https:\/\/www.sindarick.fr\/wordpress\/?page_id=447\" class=\"more-link\">Continuer la lecture<span class=\"screen-reader-text\"> de &laquo;&nbsp;La haute Numizie &#8211; Osiria&nbsp;&raquo;<\/span><\/a><\/p>\n","protected":false},"author":1,"featured_media":0,"parent":46,"menu_order":7,"comment_status":"closed","ping_status":"closed","template":"","meta":{"footnotes":""},"class_list":["post-447","page","type-page","status-publish","hentry"],"_links":{"self":[{"href":"https:\/\/www.sindarick.fr\/wordpress\/index.php?rest_route=\/wp\/v2\/pages\/447","targetHints":{"allow":["GET"]}}],"collection":[{"href":"https:\/\/www.sindarick.fr\/wordpress\/index.php?rest_route=\/wp\/v2\/pages"}],"about":[{"href":"https:\/\/www.sindarick.fr\/wordpress\/index.php?rest_route=\/wp\/v2\/types\/page"}],"author":[{"embeddable":true,"href":"https:\/\/www.sindarick.fr\/wordpress\/index.php?rest_route=\/wp\/v2\/users\/1"}],"replies":[{"embeddable":true,"href":"https:\/\/www.sindarick.fr\/wordpress\/index.php?rest_route=%2Fwp%2Fv2%2Fcomments&post=447"}],"version-history":[{"count":1,"href":"https:\/\/www.sindarick.fr\/wordpress\/index.php?rest_route=\/wp\/v2\/pages\/447\/revisions"}],"predecessor-version":[{"id":450,"href":"https:\/\/www.sindarick.fr\/wordpress\/index.php?rest_route=\/wp\/v2\/pages\/447\/revisions\/450"}],"up":[{"embeddable":true,"href":"https:\/\/www.sindarick.fr\/wordpress\/index.php?rest_route=\/wp\/v2\/pages\/46"}],"wp:attachment":[{"href":"https:\/\/www.sindarick.fr\/wordpress\/index.php?rest_route=%2Fwp%2Fv2%2Fmedia&parent=447"}],"curies":[{"name":"wp","href":"https:\/\/api.w.org\/{rel}","templated":true}]}}