{"id":491,"date":"2018-12-20T11:02:00","date_gmt":"2018-12-20T11:02:00","guid":{"rendered":"http:\/\/www.sindarick.fr\/wordpress\/?page_id=491"},"modified":"2018-12-20T11:23:59","modified_gmt":"2018-12-20T11:23:59","slug":"la-vastille","status":"publish","type":"page","link":"https:\/\/www.sindarick.fr\/wordpress\/?page_id=491","title":{"rendered":"La Vastille"},"content":{"rendered":"<p>Et par la sainte fille\u2026 Vive la Vastille\u00a0!<\/p>\n<p>Situ\u00e9 au sud des Royaumes de lune, au-dessus de la Bersombrie et des marches abandonn\u00e9es du Zandar, le royaume de Vastille est un ancien comt\u00e9 \u00e9mancip\u00e9 de l\u2019empire Gl\u00e9norien. C\u2019est un royaume jeune et dynamique, qui, \u00e0 peine sorti de sa reconquista sur les Shamyriens, compte se tailler une petite place au soleil, dans le jeu des grandes puissances.<\/p>\n<p>G\u00e9ographie de la Vastille<\/p>\n<p>Situation g\u00e9n\u00e9rale\u00a0:<\/p>\n<p>La Vastille s\u2019articule sur une longue bande de terre c\u00f4ti\u00e8re au sud des Royaumes de lune. Brelonne et Vastilla, ses deux principales cit\u00e9s, sont distantes d\u2019\u00e0 peu pr\u00e8s huit cent miles.\u00a0 Le royaume a cette particularit\u00e9 singuli\u00e8re de disposer de ports sur la mer violette ainsi que sur l\u2019oc\u00e9an rouge. Il est d\u00e9limit\u00e9 \u00e0 l\u2019ouest par des montagnes, les Pyrases, dont les sommets et les vall\u00e9es profondes sont contest\u00e9es par le comt\u00e9 de Luze. Sur sa fa\u00e7ade ouest, en face de Melkidoukir, un petit massif, les Maur\u00e8s, abrite des vall\u00e9es, des villages et une petite cit\u00e9 aux allures tr\u00e8s Shamyriennes, l\u2019ancien royaume de Coralla.<\/p>\n<p>La capitale actuelle du royaume, Vastilla, est une ville neuve, b\u00e2tie sur les deux rives du fleuve Galdakir. Brelone, ancienne cit\u00e9 \u00e9tat sparrienne, garde la fronti\u00e8re nord. Des \u00e9tendues semi-d\u00e9sertiques sauvages s\u00e9parent la Vastille des terres Sparriennes. Il n\u2019est pas rare que des voyageurs y trouvent un destin funeste. Pourtant, on y trouve quelques villages, les vestiges de cit\u00e9s antiques ainsi que deux villes c\u00f4ti\u00e8res ind\u00e9pendantes, se revendiquant toujours comme des cit\u00e9s \u00e9tats. Cette portion de pays domine les Basturies, une r\u00e9gion qui s\u2019\u00e9tend au pied des falaises, r\u00e9put\u00e9e sauvage et infest\u00e9e de monstres terribles. Les incursions sur les plateaux n\u2019\u00e9tant pas rares, peu de gens vivent entre Sparra et Brelone.<\/p>\n<p>La Vastille est une r\u00e9gion fertile autour de ses fleuves et de ses rivi\u00e8res, mais semi-aride si l\u2019approvisionnement en eau fait d\u00e9faut. La Pyrases ne donnent que peu de minerai et ne permettent qu\u2019une activit\u00e9 pastorale limit\u00e9e. Des tribus gobelines y subsistent\u00a0; elles sont un fl\u00e9au pour les villages montagnards qui sont syst\u00e9matiquement fortifi\u00e9s. Orcs et gobelins profitent de la guerre larv\u00e9e entre Luziens et Vastillans ainsi que de l\u2019absence de trac\u00e9 de fronti\u00e8re.<\/p>\n<p>Les for\u00eats Vastillanes sont des for\u00eats typiques de ce genre de r\u00e9gion, compos\u00e9es de ch\u00eanes verts, de ch\u00eanes li\u00e8ges et de toutes sortes de pins. Les pi\u00e9monts des Pyrases sont couverts de maquis. On cultive surtout les oliviers et les amandiers dans les campagnes Vastillanes. Les parcelles de c\u00e9r\u00e9ales sont plus rares. En revanche, la p\u00eache est florissante.<\/p>\n<p><a href=\"http:\/\/www.sindarick.fr\/wordpress\/wp-content\/uploads\/2017\/02\/carte-g\u00e9n\u00e9rale.jpg\"><img loading=\"lazy\" decoding=\"async\" class=\"aligncenter wp-image-375 size-medium\" src=\"http:\/\/www.sindarick.fr\/wordpress\/wp-content\/uploads\/2017\/02\/carte-g\u00e9n\u00e9rale-300x209.jpg\" alt=\"carte g\u00e9n\u00e9rale\" width=\"300\" height=\"209\" srcset=\"https:\/\/www.sindarick.fr\/wordpress\/wp-content\/uploads\/2017\/02\/carte-g\u00e9n\u00e9rale-300x209.jpg 300w, https:\/\/www.sindarick.fr\/wordpress\/wp-content\/uploads\/2017\/02\/carte-g\u00e9n\u00e9rale-350x244.jpg 350w, https:\/\/www.sindarick.fr\/wordpress\/wp-content\/uploads\/2017\/02\/carte-g\u00e9n\u00e9rale-768x535.jpg 768w, https:\/\/www.sindarick.fr\/wordpress\/wp-content\/uploads\/2017\/02\/carte-g\u00e9n\u00e9rale-1024x713.jpg 1024w, https:\/\/www.sindarick.fr\/wordpress\/wp-content\/uploads\/2017\/02\/carte-g\u00e9n\u00e9rale-431x300.jpg 431w\" sizes=\"auto, (max-width: 300px) 100vw, 300px\" \/><\/a><\/p>\n<p>&nbsp;<\/p>\n<p><a href=\"http:\/\/www.sindarick.fr\/wordpress\/wp-content\/uploads\/2018\/12\/Vastille.png\"><img loading=\"lazy\" decoding=\"async\" class=\"aligncenter wp-image-492 size-medium\" src=\"http:\/\/www.sindarick.fr\/wordpress\/wp-content\/uploads\/2018\/12\/Vastille-300x207.png\" alt=\"Vastille\" width=\"300\" height=\"207\" srcset=\"https:\/\/www.sindarick.fr\/wordpress\/wp-content\/uploads\/2018\/12\/Vastille-300x207.png 300w, https:\/\/www.sindarick.fr\/wordpress\/wp-content\/uploads\/2018\/12\/Vastille-350x241.png 350w, https:\/\/www.sindarick.fr\/wordpress\/wp-content\/uploads\/2018\/12\/Vastille-768x529.png 768w, https:\/\/www.sindarick.fr\/wordpress\/wp-content\/uploads\/2018\/12\/Vastille-1024x706.png 1024w, https:\/\/www.sindarick.fr\/wordpress\/wp-content\/uploads\/2018\/12\/Vastille-435x300.png 435w, https:\/\/www.sindarick.fr\/wordpress\/wp-content\/uploads\/2018\/12\/Vastille.png 1384w\" sizes=\"auto, (max-width: 300px) 100vw, 300px\" \/><\/a><\/p>\n<p>Situation historique et politique\u00a0:<\/p>\n<p>De l\u2019ancien comt\u00e9 de Brelone, il ne restait plus que la capitale, b\u00e2tie sur le fleuve Ha\u00e2l, \u00e0 l\u2019apog\u00e9e des conqu\u00eates Shamyriennes. Sur l\u2019impulsion du comte Bastiro de Brelona, la reconquista a d\u00e9but\u00e9 il y a plus d\u2019un si\u00e8cle. Elle est aujourd\u2019hui termin\u00e9e, avec la victoire r\u00e9cente sur la derni\u00e8re enclave Shamyrienne dans les montagnes Maur\u00e8s, et la prise de Coralla. Tout au sud, Vastilla a \u00e9t\u00e9 reconstruite sur les ruines de la cit\u00e9 de Vastarill, apr\u00e8s la chute catastrophique de son \u00e9mir. Peu de gens le savent, mais cette cit\u00e9 datait, elle-m\u00eame de l\u2019\u00e9poque Sparrienne antique.<\/p>\n<p>La guerre presque ininterrompue depuis un si\u00e8cle et demi a amen\u00e9 plusieurs choses au jeune royaume. La premi\u00e8re a \u00e9t\u00e9 son ind\u00e9pendance vis-\u00e0-vis de l\u2019empire Gl\u00e9norien qui n\u2019a jamais envoy\u00e9 de l\u00e9gions participer \u00e0 la reconquista. L\u2019ind\u00e9pendance, existante de fait \u00e0 cette \u00e9poque, est devenue formelle il y a pr\u00e8s d\u2019un si\u00e8cle. Ensuite, une rivalit\u00e9 s\u2019est vite \u00e9tablie avec le comt\u00e9 de Luze qui a gard\u00e9 beaucoup plus de liens avec l\u2019ancien empire. Les Gl\u00e9noriens ont tout fait pour attiser les rivalit\u00e9s entre les deux puissances r\u00e9gionales. Au d\u00e9part, les deux comt\u00e9s faisaient partie d\u2019une seule grande province, la basse-Trie. Mais, autant Brelone prenait de plus en plus de distance avec Gl\u00e9nor, autant Luze, plus d\u00e9pendante, restait fid\u00e8le \u00e0 l\u2019empire. Des guerres larv\u00e9es, se limitant aux Pyrases, ont \u00e9clat\u00e9es \u00e0 plusieurs reprises entre les deux royaumes. Depuis le cataclysme des Basturies (50 ans anviron), qui a vu tout un plateau s\u2019effondrer et toutes sortes de monstres jusqu\u2019alors souterrains arriver \u00e0 la surface, la liaison terrestre entre Luze et Gl\u00e9nor est rompue. C\u2019est ce qui a amen\u00e9 \u00e0 l\u2019ind\u00e9pendance compl\u00e8te du comt\u00e9.<\/p>\n<p>Il y a un fort ressenti entre Vastillans et Luziens d\u2019une part et entre Vastillans et Shamyriens d\u2019autre part\u00a0; une cons\u00e9quence in\u00e9vitable d\u2019un lourd passif historique. Les nombreux Shamyriens prisonniers sont devenus des esclaves, il n\u2019est pas rare d\u2019en trouver dans toutes les couches de la soci\u00e9t\u00e9 Vastillane. De m\u00eame, suites aux succ\u00e8s de la reconquista, \u00a0le commerce d\u2019esclaves est devenu une activit\u00e9 florissante en Vastille. A tel point que des corsaires se sont fait une sp\u00e9cialit\u00e9 de razzier des villages Numiziens pour alimenter les r\u00e9seaux esclavagistes.<\/p>\n<p>Inversement, guerres, conqu\u00eates et manque de ressources ont dynamis\u00e9 le commerce. Profitant de leurs acc\u00e8s maritimes, ils ont d\u00e9velopp\u00e9 une flotte importante et en tirent b\u00e9n\u00e9fice. Ce n\u2019est pas pour rien si beaucoup de grands explorateurs sont Vastillans, comme Santiago Javez, qui a d\u00e9couvert et conquis l\u2019archipel de la Perle. La fibre maritime remonte au d\u00e9but de l\u2019\u00e2ge gris.<\/p>\n<p>Aujourd\u2019hui, les Vastillans sont en tr\u00e8s bon termes avec les Naponnais, et vivent \u00e0 leur mani\u00e8re une renaissance. Arts et techniques font de grands progr\u00e8s \u00e0 Vastille comme \u00e0 Naponne. La r\u00e9cente d\u00e9couverte de la poudre a permis de mettre au point de nouvelles armes\u00a0: les mousquets et autres arquebuses\u2026 des p\u00e9toires promises \u00e0 peu d\u2019avenir\u00a0! Les armures lourdes sont maintenant r\u00e9serv\u00e9es aux explorateurs et aux soldats du rang, nobles et gentilshommes optent pour des rapi\u00e8res bien plus l\u00e9g\u00e8res. Les cours Vastillanes se targuent de partager les lumi\u00e8res Naponnaises, mais elles en ont une interpr\u00e9tation propre qui tend \u00e0 conforter un certain nationalisme Vastillan et exclue Shamyriens et Numiziens des id\u00e9aux de libert\u00e9. Des Vastillans \u00e9clair\u00e9s au milieu d\u2019un monde plong\u00e9 dans les t\u00e9n\u00e8bres qu\u2019il convient d\u2019amener \u00e0 la lumi\u00e8re\u2026<\/p>\n<p>On rencontre peu de non-humains en Vastille\u2026 tant qu\u2019on ne va pas se perdre dans les Pyrases.<\/p>\n<p>Evidemment, pour un pays essentiellement tourn\u00e9 vers la mer, la piraterie est un fl\u00e9au \u00e0 abattre.<\/p>\n<p>Les Vastillans<\/p>\n<p>Pour se faire une id\u00e9e d\u2019\u00e0 quoi peut bien ressembler un Vastillan\u2026<\/p>\n<p>Brelone garde des quartiers tr\u00e8s m\u00e9di\u00e9vaux, et les petites gens d\u2019ici sont comme ailleurs. Manouvriers et paysans se contentent de peu et sont v\u00eatus de tuniques simples. Les artisans et commer\u00e7ants, surtout s\u2019ils sont riches n\u2019h\u00e9sitent pas \u00e0 porter des robes, des chemises ou des pourpoints color\u00e9s. La noblesse a abandonn\u00e9 les armures pour se v\u00eatir de pourpoints \u00e0 crev\u00e9s ou de vestes de brocart luxueuses. Il en est de m\u00eame \u00e0 Vastilla, o\u00f9 les courants de mode sont tr\u00e8s suivis, pour ceux qui en ont les moyens. Il n\u2019est pas rare de faire apanage de fantaisies d\u2019origine Shamyriennes dans les costumes. En d\u00e9pit de la guerre, une porosit\u00e9 culturelle s\u2019est \u00e9tablie entre les deux bellig\u00e9rants. Les dames peuvent porter des voiles transparents l\u00e0 o\u00f9 les hommes arborent des coiffes tr\u00e8s orientales ou des pantalons bouffants.<\/p>\n<p>La r\u00e9v\u00e9lation de Jenva est tr\u00e8s suivie en Vastille, on y pratique m\u00eame le Jenvisme, en ayant donn\u00e9 un statut divin \u00e0 la proph\u00e9tesse Jenva (\u00e9galement appel\u00e9e \u00ab\u00a0la sainte fille\u00a0\u00bb). La Vastille est commun\u00e9ment appel\u00e9e \u00ab\u00a0la fille ain\u00e9e de Jenva\u00a0\u00bb. Ceci est une r\u00e9action \u00e0 <em>l\u2019illumination<\/em> forc\u00e9e d\u2019une bonne part du pays par les Shamyriens. Cependant, la conversion n\u2019a pas fonctionn\u00e9 dans l\u2019autre sens, non plus, et les esclaves Shamyriens gardent bien souvent leur foi. Le roi actuel, Alfonso Blanca, pr\u00f4ne une certaine tol\u00e9rance religieuse.<\/p>\n<p>La Vastille aujourd\u2019hui\u2026<\/p>\n<p>En 1460\u2026<\/p>\n<p>Un accrochage frontalier a d\u00e9bouch\u00e9 sur un nouvel \u00e9tat de guerre, il y a trois ans. Autant les Shamyriens ont \u00e9t\u00e9 repouss\u00e9s de l\u2019autre c\u00f4t\u00e9 de l\u2019oc\u00e9an rouge, autant la rivalit\u00e9 avec les fr\u00e8res ennemis Luziens ne fait que s\u2019accro\u00eetre. Il y avait pourtant eu pr\u00e8s de vingt ans de paix et certains r\u00eavaient d\u2019une v\u00e9ritable normalisation des relations entre les deux puissances.<\/p>\n<p>Sur fond d\u2019affaires de brigandages, soutenues par les Luziens, et de pr\u00e9tendue violation de fronti\u00e8re par un chevalier Vastillan bien d\u00e9cid\u00e9 \u00e0 mettre un terme aux exactions de ces marauds, la m\u00e8che de la guerre a \u00e9t\u00e9 rallum\u00e9e.<\/p>\n<p>Cette affaire n\u2019est peut-\u00eatre qu\u2019un sympt\u00f4me de quelque chose plus profond. Parce qu\u2019avec la d\u00e9couverte du riche continent de Takal par un navigateur Luzien, le comt\u00e9 de Luze s\u2019est tourn\u00e9 vers l\u2019oc\u00e9an. Et il compte bien devenir une nouvelle puissance maritime, surtout que jusqu\u2019\u00e0, il y a peu, l\u2019\u00eele de la Perle battait son pavillon. La Vastille ne laissera jamais les Luziens dominer la mer et s\u2019arroger le monopole d\u2019un commerce juteux avec le Takal. Et les luziens ont mis les bouch\u00e9es double pour construire une flotte \u00e0 Andale. Si leurs premi\u00e8res exp\u00e9riences ont \u00e9t\u00e9 d\u00e9sastreuses, comme la tentative de reconqu\u00eate de l\u2019\u00eele de la Perle, il faut bien se rendre compte qu\u2019ils ne vont pas en rester l\u00e0.<\/p>\n<p>L\u2019\u00eele de la Perle est un tremplin naturel pour acc\u00e9der au Takal. On ne sait, \u00e0 l\u2019heure actuelle, acc\u00e9der au nouveau continent qu\u2019\u00e0 partir de son archipel, en empruntant des courants marins et des vents sp\u00e9cifiques. De m\u00eame, le voyage serait trop long pour \u00eatre effectu\u00e9 sans escale. Et jusqu\u2019\u00e0 aujourd\u2019hui, toutes les tentatives de fonder des comptoirs sur la c\u00f4te Numizienne inconnue, ou pire, dans la mer des flammes rugissantes, se sont sold\u00e9es par des \u00e9checs. D\u2019\u00eeles perdues et sans int\u00e9r\u00eat, celles de l\u2019archipel de la Perle sont devenues un enjeu strat\u00e9gique majeur. La course commence.<\/p>\n<p>&nbsp;<\/p>\n<p><em>\u00a0<\/em><\/p>\n","protected":false},"excerpt":{"rendered":"<p>Et par la sainte fille\u2026 Vive la Vastille\u00a0! Situ\u00e9 au sud des Royaumes de lune, au-dessus de la Bersombrie et des marches abandonn\u00e9es du Zandar, le royaume de Vastille est un ancien comt\u00e9 \u00e9mancip\u00e9 de l\u2019empire Gl\u00e9norien. C\u2019est un royaume jeune et dynamique, qui, \u00e0 peine sorti de sa reconquista sur les Shamyriens, compte se &hellip; <\/p>\n<p class=\"link-more\"><a href=\"https:\/\/www.sindarick.fr\/wordpress\/?page_id=491\" class=\"more-link\">Continuer la lecture<span class=\"screen-reader-text\"> de &laquo;&nbsp;La Vastille&nbsp;&raquo;<\/span><\/a><\/p>\n","protected":false},"author":1,"featured_media":0,"parent":46,"menu_order":9,"comment_status":"closed","ping_status":"closed","template":"","meta":{"footnotes":""},"class_list":["post-491","page","type-page","status-publish","hentry"],"_links":{"self":[{"href":"https:\/\/www.sindarick.fr\/wordpress\/index.php?rest_route=\/wp\/v2\/pages\/491","targetHints":{"allow":["GET"]}}],"collection":[{"href":"https:\/\/www.sindarick.fr\/wordpress\/index.php?rest_route=\/wp\/v2\/pages"}],"about":[{"href":"https:\/\/www.sindarick.fr\/wordpress\/index.php?rest_route=\/wp\/v2\/types\/page"}],"author":[{"embeddable":true,"href":"https:\/\/www.sindarick.fr\/wordpress\/index.php?rest_route=\/wp\/v2\/users\/1"}],"replies":[{"embeddable":true,"href":"https:\/\/www.sindarick.fr\/wordpress\/index.php?rest_route=%2Fwp%2Fv2%2Fcomments&post=491"}],"version-history":[{"count":3,"href":"https:\/\/www.sindarick.fr\/wordpress\/index.php?rest_route=\/wp\/v2\/pages\/491\/revisions"}],"predecessor-version":[{"id":507,"href":"https:\/\/www.sindarick.fr\/wordpress\/index.php?rest_route=\/wp\/v2\/pages\/491\/revisions\/507"}],"up":[{"embeddable":true,"href":"https:\/\/www.sindarick.fr\/wordpress\/index.php?rest_route=\/wp\/v2\/pages\/46"}],"wp:attachment":[{"href":"https:\/\/www.sindarick.fr\/wordpress\/index.php?rest_route=%2Fwp%2Fv2%2Fmedia&parent=491"}],"curies":[{"name":"wp","href":"https:\/\/api.w.org\/{rel}","templated":true}]}}